{"id":803,"date":"2021-03-26T10:48:19","date_gmt":"2021-03-26T09:48:19","guid":{"rendered":"https:\/\/office-roxx.de\/primabueroklima\/?page_id=803"},"modified":"2026-01-21T14:54:33","modified_gmt":"2026-01-21T13:54:33","slug":"exhausto","status":"publish","type":"page","link":"https:\/\/office-roxx.de\/primabueroklima\/exhausto\/","title":{"rendered":"Exhausto"},"content":{"rendered":"<p>Exhaus\u00adto sorgt mit ener\u00adgie\u00adef\u00adfi\u00adzi\u00aden\u00adter L\u00fcf\u00adtungs\u00adtech\u00adnik f\u00fcr gesun\u00adde Raum\u00adluft \u2013 in Schu\u00adlen, B\u00fcros und Gewer\u00adbe\u00adim\u00admo\u00adbi\u00adli\u00aden. Per\u00adfekt plan\u00adbar, VDI-kon\u00adform, wartungsfreundlich.<!--more--><\/p>\n<p><img loading=\"lazy\" decoding=\"async\" class=\"alignnone wp-image-809 size-full\" src=\"https:\/\/office-roxx.de\/primabueroklima\/wp-content\/uploads\/2021\/03\/exhausto-by-aldes2.png\" alt=\"Abbildung: Exhausto by Aldes\" width=\"1000\" height=\"535\" srcset=\"https:\/\/office-roxx.de\/primabueroklima\/wp-content\/uploads\/2021\/03\/exhausto-by-aldes2.png 1000w, https:\/\/office-roxx.de\/primabueroklima\/wp-content\/uploads\/2021\/03\/exhausto-by-aldes2-300x161.png 300w, https:\/\/office-roxx.de\/primabueroklima\/wp-content\/uploads\/2021\/03\/exhausto-by-aldes2-768x411.png 768w\" sizes=\"auto, (max-width: 1000px) 100vw, 1000px\"><\/p>\n<h2>Gutes Raumklima: Gutes Arbeitsumfeld<\/h2>\n<p>Wuss\u00adten Sie, dass ein schlech\u00adtes Innen\u00adraum\u00adkli\u00adma die Pro\u00adduk\u00adti\u00advi\u00adt\u00e4t Ihrer Mit\u00adar\u00adbei\u00adter um bis zu 15 Pro\u00adzent ver\u00adrin\u00adgern kann? Und dass die Feh\u00adler\u00adquo\u00adte deut\u00adlich steigt, wenn die Raum\u00adtem\u00adpe\u00adra\u00adtur von 22 Grad Cel\u00adsi\u00adus \u00fcber\u00adschrit\u00adten&nbsp;wird?<br>\nMit einer L\u00fcf\u00adtungs\u00adan\u00adla\u00adge k\u00f6n\u00adnen Sie dem effek\u00adtiv und effi\u00adzi\u00adent ent\u00adge\u00adgen\u00adwir\u00adken. Zum einen durch den damit ein\u00adher\u00adge\u00adhen\u00adden Luft\u00adwech\u00adsel, der die daf\u00fcr ma\u00df\u00adgeb\u00adlich ver\u00adant\u00adwort\u00adli\u00adchen Luft\u00adver\u00adun\u00adrei\u00adni\u00adgun\u00adgen, wel\u00adche unver\u00admeid\u00adbar durch Mit\u00adar\u00adbei\u00adter und Ger\u00e4\u00adte ver\u00adur\u00adsacht wer\u00adden, ziel\u00adf\u00fch\u00adrend reduziert.<\/p>\n<p>Zum ande\u00adren sorgt der Luft\u00adaus\u00adtausch, der auch noch zus\u00e4tz\u00adlich mit einer K\u00fch\u00adlung kom\u00adbi\u00adniert wer\u00adden kann, f\u00fcr eine sinn\u00advol\u00adle Regu\u00adlie\u00adrung der Raum\u00adtem\u00adpe\u00adra\u00adtu\u00adren. Dies wird in der heu\u00adti\u00adgen Zeit immer h\u00e4u\u00adfi\u00adger not\u00adwen\u00addig, auf\u00adgrund der gestie\u00adge\u00adnen W\u00e4r\u00adme\u00adbe\u00adlas\u00adtung in B\u00fcros, durch kli\u00adma\u00adti\u00adsche Ver\u00ad\u00e4n\u00adde\u00adrun\u00adgen, der archi\u00adtek\u00adto\u00adni\u00adschen Gege\u00adben\u00adhei\u00adten wie zum Bei\u00adspiel gro\u00ad\u00dfe Glas\u00adfron\u00adten und die Anzahl an Mit\u00adar\u00adbei\u00adtern auf den B\u00fcrofl\u00e4chen.<\/p>\n<p>Mit einer sinn\u00advoll kon\u00adzi\u00adpier\u00adten L\u00fcf\u00adtungs\u00adan\u00adla\u00adge, die bedarfs\u00adge\u00adre\u00adgelt auf Ihre Anfor\u00adde\u00adrun\u00adgen aus\u00adge\u00adrich\u00adtet ist, errei\u00adchen Sie dies schon mit einer ange\u00admes\u00adse\u00adnen Inves\u00adti\u00adti\u00adon. Die Ihnen einen Mehr\u00adwert an Pro\u00adduk\u00adti\u00advi\u00adt\u00e4t, Leis\u00adtungs\u00adf\u00e4\u00adhig\u00adkeit und Wohl\u00adbe\u00adfin\u00adden der Mit\u00adar\u00adbei\u00adter erm\u00f6glicht.<\/p>\n<h2>Was zeichnet eine gute L\u00fcftung im B\u00fcro&nbsp;aus?<\/h2>\n<p>Ein pro\u00adfes\u00adsio\u00adnel\u00adles raum\u00adluft\u00adtech\u00adni\u00adsches Kon\u00adzept soll\u00adte die fol\u00adgen\u00adden rele\u00advan\u00adten Fak\u00adto\u00adren ber\u00fcck\u00adsich\u00adti\u00adgen, um eine aus\u00adrei\u00adchend dimen\u00adsio\u00adnier\u00adte, bedarfs\u00adge\u00adre\u00adgel\u00adte Be- und Ent\u00adl\u00fcf\u00adtung sicher\u00adzu\u00adstel\u00adlen, sodass:<\/p>\n<ul>\n<li>die CO2-Kon\u00adzen\u00adtra\u00adti\u00adon \u00fcber die Nut\u00adzungs\u00addau\u00ader im Mit\u00adtel\u00adwert bei 1.000 ppm&nbsp;liegt.<\/li>\n<li>die Raum\u00adtem\u00adpe\u00adra\u00adtur min\u00addes\u00adtens 20 Grad Cel\u00adsi\u00adus und maxi\u00admal 26 Grad Cel\u00adsi\u00adus betr\u00e4gt.<\/li>\n<li>die rela\u00adti\u00adve Raum\u00adluft\u00adfeuch\u00adte in der Regel bei 30\u201360 Pro\u00adzent&nbsp;liegt.<\/li>\n<li>eine mitt\u00adle\u00adre Luft\u00adge\u00adschwin\u00addig\u00adkeit von 0,15 m\/s nicht \u00fcber\u00adschrit\u00adten&nbsp;wird.<\/li>\n<li>der Schall\u00adleis\u00adtungs\u00adpe\u00adgel bei max. 35 dB(A) f\u00fcr B\u00fcro und Bespre\u00adchungs\u00adr\u00e4u\u00adme liegt. F\u00fcr Gro\u00df\u00adraum\u00adb\u00fc\u00adros soll\u00adten es max. 45 dB(A)&nbsp;sein.<\/li>\n<\/ul>\n<h2>Exhausto<\/h2>\n<p>Seit \u00fcber 30 Jah\u00adren steht Exhaus\u00adto in Deutsch\u00adland f\u00fcr hoch\u00adwer\u00adti\u00adge, ener\u00adgie\u00adef\u00adfi\u00adzi\u00aden\u00adte und zuver\u00adl\u00e4s\u00adsi\u00adge L\u00fcf\u00adtungs\u00adtech\u00adnik. Unser Port\u00adfo\u00adlio umfasst kom\u00adpak\u00adte und modu\u00adla\u00adre RLT-Ger\u00e4\u00adte, Volu\u00admen\u00adstrom\u00adreg\u00adler, Ven\u00adti\u00adla\u00adto\u00adren, Luft\u00addurch\u00adl\u00e4s\u00adse und Zube\u00adh\u00f6r f\u00fcr den Nicht\u00adwoh\u00adnungs\u00adbau. Unser Anspruch ist es, opti\u00adma\u00adle Raum\u00adluft\u00adqua\u00adli\u00adt\u00e4t und ein gesun\u00addes Raum\u00adkli\u00adma in B\u00fcros, Schu\u00adlen, \u00f6ffent\u00adli\u00adchen Ein\u00adrich\u00adtun\u00adgen und der Indus\u00adtrie zu schaf\u00adfen. Gemein\u00adsam mit unse\u00adren Kun\u00adden ent\u00adwi\u00adckeln wir L\u00f6sun\u00adgen, die Kom\u00adfort und Ener\u00adgie\u00adef\u00adfi\u00adzi\u00adenz verbinden.<\/p>\n<p>Die <a href=\"http:\/\/www.exhausto.de\" target=\"_blank\" rel=\"noopener\">Exhaus\u00adto GmbH<\/a> ist die deut\u00adsche Ver\u00adtriebs\u00adnie\u00adder\u00adlas\u00adsung der d\u00e4ni\u00adschen Exhaus\u00adto A\/S und Teil der Soler &amp; Palau Ven\u00adti\u00adla\u00adti\u00adon Group, einem der welt\u00adweit f\u00fch\u00adren\u00adden Anbie\u00adter von L\u00fcftungstechnik.<\/p>\n<hr>\n<p><a href=\"https:\/\/www.exhausto.de\/\"><img loading=\"lazy\" decoding=\"async\" class=\"wp-image-1844 size-medium alignnone\" src=\"https:\/\/office-roxx.de\/primabueroklima\/wp-content\/uploads\/2023\/06\/Logo-EXHAUSTO-2023-300x30.jpg\" alt=\"Logo-EXHAUSTO-2023\" width=\"300\" height=\"30\" srcset=\"https:\/\/office-roxx.de\/primabueroklima\/wp-content\/uploads\/2023\/06\/Logo-EXHAUSTO-2023-300x30.jpg 300w, https:\/\/office-roxx.de\/primabueroklima\/wp-content\/uploads\/2023\/06\/Logo-EXHAUSTO-2023-768x78.jpg 768w, https:\/\/office-roxx.de\/primabueroklima\/wp-content\/uploads\/2023\/06\/Logo-EXHAUSTO-2023.jpg 1000w\" sizes=\"auto, (max-width: 300px) 100vw, 300px\"><\/a><\/p>\n<p><strong>Exhaus\u00adto&nbsp;GmbH<\/strong><\/p>\n<p>Im Nie\u00adder\u00adgar\u00adten&nbsp;14<br>\n55124&nbsp;Mainz<br>\nTel.: 06131 30431-0<br>\n<a href=\"mailto:info@exhausto.de\" target=\"_blank\" rel=\"noopener\">info@exhausto.de<\/a><br>\n<a href=\"http:\/\/www.exhausto.de\" target=\"_blank\" rel=\"noopener\">www.exhausto.de<\/a><\/p>\n","protected":false},"excerpt":{"rendered":"<p>Exhaus\u00adto sorgt mit ener\u00adgie\u00adef\u00adfi\u00adzi\u00aden\u00adter L\u00fcf\u00adtungs\u00adtech\u00adnik f\u00fcr gesun\u00adde Raum\u00adluft \u2013 in Schu\u00adlen, B\u00fcros und Gewer\u00adbe\u00adim\u00admo\u00adbi\u00adli\u00aden. Per\u00adfekt plan\u00adbar, VDI-kon\u00ad\u00ad\u00adform, wartungsfreundlich.<\/p>\n","protected":false},"author":1,"featured_media":0,"parent":0,"menu_order":0,"comment_status":"closed","ping_status":"closed","template":"","meta":{"wp_typography_post_enhancements_disabled":false,"footnotes":""},"tags":[5],"class_list":["post-803","page","type-page","status-publish","hentry","tag-lufttemperatur"],"yoast_head":"<!-- This site is optimized with the Yoast SEO plugin v27.3 - https:\/\/yoast.com\/product\/yoast-seo-wordpress\/ -->\n<title>Exhausto - PRIMAB\u00dcROKLIMA<\/title>\n<meta name=\"description\" content=\"Exhausto entwickelt und produziert professionelle L\u00fcftungstechnik f\u00fcr ein optimales Raumklima in allen Bereichen.\" \/>\n<meta name=\"robots\" content=\"index, follow, max-snippet:-1, max-image-preview:large, max-video-preview:-1\" \/>\n<link rel=\"canonical\" href=\"https:\/\/office-roxx.de\/primabueroklima\/exhausto\/\" \/>\n<meta property=\"og:locale\" content=\"de_DE\" \/>\n<meta property=\"og:type\" content=\"article\" \/>\n<meta property=\"og:title\" content=\"Exhausto - PRIMAB\u00dcROKLIMA\" \/>\n<meta property=\"og:description\" content=\"Exhausto entwickelt und produziert professionelle L\u00fcftungstechnik f\u00fcr ein optimales Raumklima in allen Bereichen.\" \/>\n<meta property=\"og:url\" content=\"https:\/\/office-roxx.de\/primabueroklima\/exhausto\/\" \/>\n<meta property=\"og:site_name\" content=\"PRIMAB\u00dcROKLIMA\" \/>\n<meta property=\"article:modified_time\" content=\"2026-01-21T13:54:33+00:00\" \/>\n<meta property=\"og:image\" content=\"https:\/\/office-roxx.de\/primabueroklima\/wp-content\/uploads\/2021\/03\/exhausto-by-aldes2.png\" \/>\n\t<meta property=\"og:image:width\" content=\"1000\" \/>\n\t<meta property=\"og:image:height\" content=\"535\" \/>\n\t<meta property=\"og:image:type\" content=\"image\/png\" \/>\n<meta name=\"twitter:card\" content=\"summary_large_image\" \/>\n<meta name=\"twitter:label1\" content=\"Gesch\u00e4tzte Lesezeit\" \/>\n\t<meta name=\"twitter:data1\" content=\"3\u00a0Minuten\" \/>\n<script type=\"application\/ld+json\" class=\"yoast-schema-graph\">{\"@context\":\"https:\\\/\\\/schema.org\",\"@graph\":[{\"@type\":\"WebPage\",\"@id\":\"https:\\\/\\\/office-roxx.de\\\/primabueroklima\\\/exhausto\\\/\",\"url\":\"https:\\\/\\\/office-roxx.de\\\/primabueroklima\\\/exhausto\\\/\",\"name\":\"Exhausto - PRIMAB\u00dcROKLIMA\",\"isPartOf\":{\"@id\":\"https:\\\/\\\/office-roxx.de\\\/primabueroklima\\\/#website\"},\"primaryImageOfPage\":{\"@id\":\"https:\\\/\\\/office-roxx.de\\\/primabueroklima\\\/exhausto\\\/#primaryimage\"},\"image\":{\"@id\":\"https:\\\/\\\/office-roxx.de\\\/primabueroklima\\\/exhausto\\\/#primaryimage\"},\"thumbnailUrl\":\"https:\\\/\\\/office-roxx.de\\\/primabueroklima\\\/wp-content\\\/uploads\\\/2021\\\/03\\\/exhausto-by-aldes2.png\",\"datePublished\":\"2021-03-26T09:48:19+00:00\",\"dateModified\":\"2026-01-21T13:54:33+00:00\",\"description\":\"Exhausto entwickelt und produziert professionelle L\u00fcftungstechnik f\u00fcr ein optimales Raumklima in allen Bereichen.\",\"breadcrumb\":{\"@id\":\"https:\\\/\\\/office-roxx.de\\\/primabueroklima\\\/exhausto\\\/#breadcrumb\"},\"inLanguage\":\"de\",\"potentialAction\":[{\"@type\":\"ReadAction\",\"target\":[\"https:\\\/\\\/office-roxx.de\\\/primabueroklima\\\/exhausto\\\/\"]}]},{\"@type\":\"ImageObject\",\"inLanguage\":\"de\",\"@id\":\"https:\\\/\\\/office-roxx.de\\\/primabueroklima\\\/exhausto\\\/#primaryimage\",\"url\":\"https:\\\/\\\/office-roxx.de\\\/primabueroklima\\\/wp-content\\\/uploads\\\/2021\\\/03\\\/exhausto-by-aldes2.png\",\"contentUrl\":\"https:\\\/\\\/office-roxx.de\\\/primabueroklima\\\/wp-content\\\/uploads\\\/2021\\\/03\\\/exhausto-by-aldes2.png\",\"width\":1000,\"height\":535,\"caption\":\"Abbildung: Exhausto by Aldes\"},{\"@type\":\"BreadcrumbList\",\"@id\":\"https:\\\/\\\/office-roxx.de\\\/primabueroklima\\\/exhausto\\\/#breadcrumb\",\"itemListElement\":[{\"@type\":\"ListItem\",\"position\":1,\"name\":\"Startseite\",\"item\":\"https:\\\/\\\/office-roxx.de\\\/primabueroklima\\\/\"},{\"@type\":\"ListItem\",\"position\":2,\"name\":\"Exhausto\"}]},{\"@type\":\"WebSite\",\"@id\":\"https:\\\/\\\/office-roxx.de\\\/primabueroklima\\\/#website\",\"url\":\"https:\\\/\\\/office-roxx.de\\\/primabueroklima\\\/\",\"name\":\"PRIMAB\u00dcROKLIMA\",\"description\":\"F\u00fcr eine bessere Luftqualit\u00e4t in Office-Umgebungen\",\"publisher\":{\"@id\":\"https:\\\/\\\/office-roxx.de\\\/primabueroklima\\\/#organization\"},\"potentialAction\":[{\"@type\":\"SearchAction\",\"target\":{\"@type\":\"EntryPoint\",\"urlTemplate\":\"https:\\\/\\\/office-roxx.de\\\/primabueroklima\\\/?s={search_term_string}\"},\"query-input\":{\"@type\":\"PropertyValueSpecification\",\"valueRequired\":true,\"valueName\":\"search_term_string\"}}],\"inLanguage\":\"de\"},{\"@type\":\"Organization\",\"@id\":\"https:\\\/\\\/office-roxx.de\\\/primabueroklima\\\/#organization\",\"name\":\"PRIMAB\u00dcROKLIMA\",\"url\":\"https:\\\/\\\/office-roxx.de\\\/primabueroklima\\\/\",\"logo\":{\"@type\":\"ImageObject\",\"inLanguage\":\"de\",\"@id\":\"https:\\\/\\\/office-roxx.de\\\/primabueroklima\\\/#\\\/schema\\\/logo\\\/image\\\/\",\"url\":\"https:\\\/\\\/office-roxx.de\\\/primabueroklima\\\/wp-content\\\/uploads\\\/2020\\\/09\\\/Prima-Klima-Logo_Farbe_beschn.jpg\",\"contentUrl\":\"https:\\\/\\\/office-roxx.de\\\/primabueroklima\\\/wp-content\\\/uploads\\\/2020\\\/09\\\/Prima-Klima-Logo_Farbe_beschn.jpg\",\"width\":1000,\"height\":675,\"caption\":\"PRIMAB\u00dcROKLIMA\"},\"image\":{\"@id\":\"https:\\\/\\\/office-roxx.de\\\/primabueroklima\\\/#\\\/schema\\\/logo\\\/image\\\/\"}}]}<\/script>\n<!-- \/ Yoast SEO plugin. -->","yoast_head_json":{"title":"Exhausto - PRIMAB\u00dcROKLIMA","description":"Exhausto entwickelt und produziert professionelle L\u00fcftungstechnik f\u00fcr ein optimales Raumklima in allen Bereichen.","robots":{"index":"index","follow":"follow","max-snippet":"max-snippet:-1","max-image-preview":"max-image-preview:large","max-video-preview":"max-video-preview:-1"},"canonical":"https:\/\/office-roxx.de\/primabueroklima\/exhausto\/","og_locale":"de_DE","og_type":"article","og_title":"Exhausto - PRIMAB\u00dcROKLIMA","og_description":"Exhausto entwickelt und produziert professionelle L\u00fcftungstechnik f\u00fcr ein optimales Raumklima in allen Bereichen.","og_url":"https:\/\/office-roxx.de\/primabueroklima\/exhausto\/","og_site_name":"PRIMAB\u00dcROKLIMA","article_modified_time":"2026-01-21T13:54:33+00:00","og_image":[{"width":1000,"height":535,"url":"https:\/\/office-roxx.de\/primabueroklima\/wp-content\/uploads\/2021\/03\/exhausto-by-aldes2.png","type":"image\/png"}],"twitter_card":"summary_large_image","twitter_misc":{"Gesch\u00e4tzte Lesezeit":"3\u00a0Minuten"},"schema":{"@context":"https:\/\/schema.org","@graph":[{"@type":"WebPage","@id":"https:\/\/office-roxx.de\/primabueroklima\/exhausto\/","url":"https:\/\/office-roxx.de\/primabueroklima\/exhausto\/","name":"Exhausto - PRIMAB\u00dcROKLIMA","isPartOf":{"@id":"https:\/\/office-roxx.de\/primabueroklima\/#website"},"primaryImageOfPage":{"@id":"https:\/\/office-roxx.de\/primabueroklima\/exhausto\/#primaryimage"},"image":{"@id":"https:\/\/office-roxx.de\/primabueroklima\/exhausto\/#primaryimage"},"thumbnailUrl":"https:\/\/office-roxx.de\/primabueroklima\/wp-content\/uploads\/2021\/03\/exhausto-by-aldes2.png","datePublished":"2021-03-26T09:48:19+00:00","dateModified":"2026-01-21T13:54:33+00:00","description":"Exhausto entwickelt und produziert professionelle L\u00fcftungstechnik f\u00fcr ein optimales Raumklima in allen Bereichen.","breadcrumb":{"@id":"https:\/\/office-roxx.de\/primabueroklima\/exhausto\/#breadcrumb"},"inLanguage":"de","potentialAction":[{"@type":"ReadAction","target":["https:\/\/office-roxx.de\/primabueroklima\/exhausto\/"]}]},{"@type":"ImageObject","inLanguage":"de","@id":"https:\/\/office-roxx.de\/primabueroklima\/exhausto\/#primaryimage","url":"https:\/\/office-roxx.de\/primabueroklima\/wp-content\/uploads\/2021\/03\/exhausto-by-aldes2.png","contentUrl":"https:\/\/office-roxx.de\/primabueroklima\/wp-content\/uploads\/2021\/03\/exhausto-by-aldes2.png","width":1000,"height":535,"caption":"Abbildung: Exhausto by Aldes"},{"@type":"BreadcrumbList","@id":"https:\/\/office-roxx.de\/primabueroklima\/exhausto\/#breadcrumb","itemListElement":[{"@type":"ListItem","position":1,"name":"Startseite","item":"https:\/\/office-roxx.de\/primabueroklima\/"},{"@type":"ListItem","position":2,"name":"Exhausto"}]},{"@type":"WebSite","@id":"https:\/\/office-roxx.de\/primabueroklima\/#website","url":"https:\/\/office-roxx.de\/primabueroklima\/","name":"PRIMAB\u00dcROKLIMA","description":"F\u00fcr eine bessere Luftqualit\u00e4t in Office-Umgebungen","publisher":{"@id":"https:\/\/office-roxx.de\/primabueroklima\/#organization"},"potentialAction":[{"@type":"SearchAction","target":{"@type":"EntryPoint","urlTemplate":"https:\/\/office-roxx.de\/primabueroklima\/?s={search_term_string}"},"query-input":{"@type":"PropertyValueSpecification","valueRequired":true,"valueName":"search_term_string"}}],"inLanguage":"de"},{"@type":"Organization","@id":"https:\/\/office-roxx.de\/primabueroklima\/#organization","name":"PRIMAB\u00dcROKLIMA","url":"https:\/\/office-roxx.de\/primabueroklima\/","logo":{"@type":"ImageObject","inLanguage":"de","@id":"https:\/\/office-roxx.de\/primabueroklima\/#\/schema\/logo\/image\/","url":"https:\/\/office-roxx.de\/primabueroklima\/wp-content\/uploads\/2020\/09\/Prima-Klima-Logo_Farbe_beschn.jpg","contentUrl":"https:\/\/office-roxx.de\/primabueroklima\/wp-content\/uploads\/2020\/09\/Prima-Klima-Logo_Farbe_beschn.jpg","width":1000,"height":675,"caption":"PRIMAB\u00dcROKLIMA"},"image":{"@id":"https:\/\/office-roxx.de\/primabueroklima\/#\/schema\/logo\/image\/"}}]}},"_links":{"self":[{"href":"https:\/\/office-roxx.de\/primabueroklima\/wp-json\/wp\/v2\/pages\/803","targetHints":{"allow":["GET"]}}],"collection":[{"href":"https:\/\/office-roxx.de\/primabueroklima\/wp-json\/wp\/v2\/pages"}],"about":[{"href":"https:\/\/office-roxx.de\/primabueroklima\/wp-json\/wp\/v2\/types\/page"}],"author":[{"embeddable":true,"href":"https:\/\/office-roxx.de\/primabueroklima\/wp-json\/wp\/v2\/users\/1"}],"replies":[{"embeddable":true,"href":"https:\/\/office-roxx.de\/primabueroklima\/wp-json\/wp\/v2\/comments?post=803"}],"version-history":[{"count":16,"href":"https:\/\/office-roxx.de\/primabueroklima\/wp-json\/wp\/v2\/pages\/803\/revisions"}],"predecessor-version":[{"id":2470,"href":"https:\/\/office-roxx.de\/primabueroklima\/wp-json\/wp\/v2\/pages\/803\/revisions\/2470"}],"wp:attachment":[{"href":"https:\/\/office-roxx.de\/primabueroklima\/wp-json\/wp\/v2\/media?parent=803"}],"wp:term":[{"taxonomy":"post_tag","embeddable":true,"href":"https:\/\/office-roxx.de\/primabueroklima\/wp-json\/wp\/v2\/tags?post=803"}],"curies":[{"name":"wp","href":"https:\/\/api.w.org\/{rel}","templated":true}]}}