{"id":50,"date":"2020-08-31T15:35:40","date_gmt":"2020-08-31T13:35:40","guid":{"rendered":"https:\/\/office-roxx.de\/primabueroklima\/?page_id=50"},"modified":"2025-07-07T10:36:21","modified_gmt":"2025-07-07T08:36:21","slug":"deutsches-netzwerk-buero","status":"publish","type":"page","link":"https:\/\/office-roxx.de\/primabueroklima\/deutsches-netzwerk-buero\/","title":{"rendered":"Deutsches Netzwerk B\u00fcro"},"content":{"rendered":"<p>Das Deut\u00adsche Netz\u00adwerk B\u00fcro f\u00f6r\u00addert die Qua\u00adli\u00adt\u00e4t der B\u00fcro\u00adar\u00adbeit durch eine gesund\u00adheits\u00adori\u00aden\u00adtier\u00adte und inno\u00adva\u00adti\u00adve Gestal\u00adtung der Arbeit. Es ist den Zie\u00adlen der natio\u00adna\u00adlen Initia\u00adti\u00adve f\u00fcr eine neue Qua\u00adli\u00adt\u00e4t der Arbeit (<span class=\"caps\">INQA<\/span>) ver\u00adpflich\u00adtet. Neue Qua\u00adli\u00adt\u00e4t der Arbeit ist ent\u00adschei\u00addend f\u00fcr die St\u00e4r\u00adkung von Wett\u00adbe\u00adwerbs\u00adf\u00e4\u00adhig\u00adkeit und Inno\u00adva\u00adti\u00adons\u00adkraft. Das Deut\u00adsche Netz\u00adwerk B\u00fcro ver\u00adbin\u00addet alle Aspek\u00adte der B\u00fcro\u00adar\u00adbeit und strebt eine Ver\u00adnet\u00adzung und Koope\u00adra\u00adti\u00adon aller an der Gestal\u00adtung der B\u00fcro\u00adar\u00adbeit Inter\u00ades\u00adsier\u00adten&nbsp;an.<!--more--><\/p>\n<h2>F\u00fcr bessere B\u00fcroarbeit<\/h2>\n<p>Haupt\u00adauf\u00adga\u00adbe des Ver\u00adeins ist die Unter\u00adst\u00fct\u00adzung bei der prak\u00adti\u00adschen Ver\u00adbes\u00adse\u00adrung der Arbeits\u00adbe\u00addin\u00adgun\u00adgen im B\u00fcro. Zum Errei\u00adchen des Sat\u00adzungs\u00adzwecks strebt das Deut\u00adsche Netz\u00adwerk B\u00fcro e. V.&nbsp;an:<\/p>\n<ul>\n<li>den Dia\u00adlog zwi\u00adschen Wirt\u00adschaft und Poli\u00adtik \u00fcber Neue Qua\u00adli\u00adt\u00e4t der B\u00fcroarbeit<\/li>\n<li>die Zusam\u00admen\u00adar\u00adbeit der ver\u00adschie\u00adde\u00adnen an der Gestal\u00adtung der B\u00fcro\u00adar\u00adbeit betei\u00adlig\u00adten Disziplinen<\/li>\n<li>die F\u00f6r\u00adde\u00adrung des Ent\u00adste\u00adhens von Wis\u00adsen \u00fcber B\u00fcro\u00adar\u00adbeit&nbsp;sowie<\/li>\n<li>den Aus\u00adtausch, die Ver\u00adbrei\u00adtung und die Anwen\u00addung die\u00adses Wis\u00adsens in der Praxis<\/li>\n<\/ul>\n<p>Zu den Auf\u00adga\u00adben des&nbsp;<span class=\"caps\">DNB<\/span>&nbsp;z\u00e4h\u00adlen au\u00dferdem:<\/p>\n<ul>\n<li>Infor\u00adma\u00adti\u00adons- und Erfahrungsaustausch<\/li>\n<li>Pres\u00adse- und \u00d6ffentlichkeitsarbeit<\/li>\n<li>F\u00f6r\u00adde\u00adrung der Qua\u00adli\u00adt\u00e4t der B\u00fcroarbeit<\/li>\n<li>Ver\u00adan\u00adstal\u00adtun\u00adgen, Aus\u00adstel\u00adlun\u00adgen und Kampagnen<\/li>\n<li>Hand\u00adlungs\u00adkon\u00adzep\u00adte und Bei\u00adspie\u00adle guter Praxis<\/li>\n<li>Wis\u00adsens\u00adtrans\u00adfer in die betrieb\u00adli\u00adche Praxis<\/li>\n<li>F\u00f6r\u00adde\u00adrung der Aus- und Weiterbildung<\/li>\n<li>Initi\u00adie\u00adrung von For\u00adschungs- und Anwenderprojekten<\/li>\n<li>Ver\u00admitt\u00adlung von Ansprechpartnern<\/li>\n<\/ul>\n<hr>\n<p><img loading=\"lazy\" decoding=\"async\" class=\"alignnone wp-image-504 size-full\" src=\"https:\/\/office-roxx.de\/primabueroklima\/wp-content\/uploads\/2020\/09\/dnb3.png\" alt=\"Deutsches Netzwerk b\u00fcro\" width=\"250\" height=\"33\"><\/p>\n<p>Gesch\u00e4fts\u00adstel\u00adle:<br>\n<strong>Deut\u00adsches Netz\u00adwerk B\u00fcro e.&nbsp;V.<br>\n<\/strong>c\/o Basi e.V.<br>\nAlte Heer\u00adstra\u00ad\u00dfe&nbsp;111<br>\n53757 Sankt Augustin<br>\nTel.: +49 711 7594-4607<br>\nMobil: +49 170 7735700<br>\n<a href=\"mailto:info@dnb-netz.de\">info@dnb-netz.de<br>\n<\/a><a href=\"http:\/\/www.dnb-netz.de\/\" target=\"_blank\" rel=\"noopener noreferrer\">www.dnb-netz.de<\/a><\/p>\n","protected":false},"excerpt":{"rendered":"<p>Das Deut\u00adsche Netz\u00adwerk B\u00fcro f\u00f6r\u00addert die Qua\u00adli\u00adt\u00e4t der B\u00fcro\u00adar\u00adbeit durch eine gesund\u00adheits\u00adori\u00aden\u00adtier\u00adte und inno\u00adva\u00adti\u00adve Gestal\u00adtung der Arbeit. Es ist den Zie\u00adlen der natio\u00adna\u00adlen Initia\u00adti\u00adve f\u00fcr eine neue Qua\u00adli\u00adt\u00e4t der Arbeit (INQA) ver\u00adpflich\u00adtet. Neue Qua\u00adli\u00adt\u00e4t der Arbeit ist ent\u00adschei\u00addend f\u00fcr die St\u00e4r\u00adkung von Wett\u00adbe\u00adwerbs\u00adf\u00e4\u00adhig\u00adkeit und Inno\u00adva\u00adti\u00adons\u00adkraft. Das Deut\u00adsche Netz\u00adwerk B\u00fcro ver\u00adbin\u00addet alle Aspek\u00adte der B\u00fcro\u00adar\u00adbeit&nbsp;und&nbsp;[\u2026]<\/p>\n","protected":false},"author":1,"featured_media":0,"parent":0,"menu_order":0,"comment_status":"closed","ping_status":"closed","template":"","meta":{"wp_typography_post_enhancements_disabled":false,"footnotes":""},"tags":[],"class_list":["post-50","page","type-page","status-publish","hentry"],"yoast_head":"<!-- This site is optimized with the Yoast SEO plugin v27.3 - https:\/\/yoast.com\/product\/yoast-seo-wordpress\/ -->\n<title>Deutsches Netzwerk B\u00fcro - PRIMAB\u00dcROKLIMA<\/title>\n<meta name=\"robots\" content=\"index, follow, max-snippet:-1, max-image-preview:large, max-video-preview:-1\" \/>\n<link rel=\"canonical\" href=\"https:\/\/office-roxx.de\/primabueroklima\/deutsches-netzwerk-buero\/\" \/>\n<meta property=\"og:locale\" content=\"de_DE\" \/>\n<meta property=\"og:type\" content=\"article\" \/>\n<meta property=\"og:title\" content=\"Deutsches Netzwerk B\u00fcro - PRIMAB\u00dcROKLIMA\" \/>\n<meta property=\"og:description\" content=\"Das Deut\u00adsche Netz\u00adwerk B\u00fcro f\u00f6r\u00addert die Qua\u00adli\u00adt\u00e4t der B\u00fcro\u00adar\u00adbeit durch eine gesund\u00adheits\u00adori\u00aden\u00adtier\u00adte und inno\u00adva\u00adti\u00adve Gestal\u00adtung der Arbeit. Es ist den Zie\u00adlen der natio\u00adna\u00adlen Initia\u00adti\u00adve f\u00fcr eine neue Qua\u00adli\u00adt\u00e4t der Arbeit (INQA) ver\u00adpflich\u00adtet. Neue Qua\u00adli\u00adt\u00e4t der Arbeit ist ent\u00adschei\u00addend f\u00fcr die St\u00e4r\u00adkung von Wett\u00adbe\u00adwerbs\u00adf\u00e4\u00adhig\u00adkeit und Inno\u00adva\u00adti\u00adons\u00adkraft. Das Deut\u00adsche Netz\u00adwerk B\u00fcro ver\u00adbin\u00addet alle Aspek\u00adte der B\u00fcro\u00adar\u00adbeit und [&hellip;]\" \/>\n<meta property=\"og:url\" content=\"https:\/\/office-roxx.de\/primabueroklima\/deutsches-netzwerk-buero\/\" \/>\n<meta property=\"og:site_name\" content=\"PRIMAB\u00dcROKLIMA\" \/>\n<meta property=\"article:modified_time\" content=\"2025-07-07T08:36:21+00:00\" \/>\n<meta property=\"og:image\" content=\"https:\/\/office-roxx.de\/primabueroklima\/wp-content\/uploads\/2020\/09\/dnb3.png\" \/>\n\t<meta property=\"og:image:width\" content=\"250\" \/>\n\t<meta property=\"og:image:height\" content=\"33\" \/>\n\t<meta property=\"og:image:type\" content=\"image\/png\" \/>\n<meta name=\"twitter:card\" content=\"summary_large_image\" \/>\n<meta name=\"twitter:label1\" content=\"Gesch\u00e4tzte Lesezeit\" \/>\n\t<meta name=\"twitter:data1\" content=\"2\u00a0Minuten\" \/>\n<script type=\"application\/ld+json\" class=\"yoast-schema-graph\">{\"@context\":\"https:\\\/\\\/schema.org\",\"@graph\":[{\"@type\":\"WebPage\",\"@id\":\"https:\\\/\\\/office-roxx.de\\\/primabueroklima\\\/deutsches-netzwerk-buero\\\/\",\"url\":\"https:\\\/\\\/office-roxx.de\\\/primabueroklima\\\/deutsches-netzwerk-buero\\\/\",\"name\":\"Deutsches Netzwerk B\u00fcro - PRIMAB\u00dcROKLIMA\",\"isPartOf\":{\"@id\":\"https:\\\/\\\/office-roxx.de\\\/primabueroklima\\\/#website\"},\"primaryImageOfPage\":{\"@id\":\"https:\\\/\\\/office-roxx.de\\\/primabueroklima\\\/deutsches-netzwerk-buero\\\/#primaryimage\"},\"image\":{\"@id\":\"https:\\\/\\\/office-roxx.de\\\/primabueroklima\\\/deutsches-netzwerk-buero\\\/#primaryimage\"},\"thumbnailUrl\":\"https:\\\/\\\/office-roxx.de\\\/primabueroklima\\\/wp-content\\\/uploads\\\/2020\\\/09\\\/dnb3.png\",\"datePublished\":\"2020-08-31T13:35:40+00:00\",\"dateModified\":\"2025-07-07T08:36:21+00:00\",\"breadcrumb\":{\"@id\":\"https:\\\/\\\/office-roxx.de\\\/primabueroklima\\\/deutsches-netzwerk-buero\\\/#breadcrumb\"},\"inLanguage\":\"de\",\"potentialAction\":[{\"@type\":\"ReadAction\",\"target\":[\"https:\\\/\\\/office-roxx.de\\\/primabueroklima\\\/deutsches-netzwerk-buero\\\/\"]}]},{\"@type\":\"ImageObject\",\"inLanguage\":\"de\",\"@id\":\"https:\\\/\\\/office-roxx.de\\\/primabueroklima\\\/deutsches-netzwerk-buero\\\/#primaryimage\",\"url\":\"https:\\\/\\\/office-roxx.de\\\/primabueroklima\\\/wp-content\\\/uploads\\\/2020\\\/09\\\/dnb3.png\",\"contentUrl\":\"https:\\\/\\\/office-roxx.de\\\/primabueroklima\\\/wp-content\\\/uploads\\\/2020\\\/09\\\/dnb3.png\",\"width\":250,\"height\":33},{\"@type\":\"BreadcrumbList\",\"@id\":\"https:\\\/\\\/office-roxx.de\\\/primabueroklima\\\/deutsches-netzwerk-buero\\\/#breadcrumb\",\"itemListElement\":[{\"@type\":\"ListItem\",\"position\":1,\"name\":\"Startseite\",\"item\":\"https:\\\/\\\/office-roxx.de\\\/primabueroklima\\\/\"},{\"@type\":\"ListItem\",\"position\":2,\"name\":\"Deutsches Netzwerk B\u00fcro\"}]},{\"@type\":\"WebSite\",\"@id\":\"https:\\\/\\\/office-roxx.de\\\/primabueroklima\\\/#website\",\"url\":\"https:\\\/\\\/office-roxx.de\\\/primabueroklima\\\/\",\"name\":\"PRIMAB\u00dcROKLIMA\",\"description\":\"F\u00fcr eine bessere Luftqualit\u00e4t in Office-Umgebungen\",\"publisher\":{\"@id\":\"https:\\\/\\\/office-roxx.de\\\/primabueroklima\\\/#organization\"},\"potentialAction\":[{\"@type\":\"SearchAction\",\"target\":{\"@type\":\"EntryPoint\",\"urlTemplate\":\"https:\\\/\\\/office-roxx.de\\\/primabueroklima\\\/?s={search_term_string}\"},\"query-input\":{\"@type\":\"PropertyValueSpecification\",\"valueRequired\":true,\"valueName\":\"search_term_string\"}}],\"inLanguage\":\"de\"},{\"@type\":\"Organization\",\"@id\":\"https:\\\/\\\/office-roxx.de\\\/primabueroklima\\\/#organization\",\"name\":\"PRIMAB\u00dcROKLIMA\",\"url\":\"https:\\\/\\\/office-roxx.de\\\/primabueroklima\\\/\",\"logo\":{\"@type\":\"ImageObject\",\"inLanguage\":\"de\",\"@id\":\"https:\\\/\\\/office-roxx.de\\\/primabueroklima\\\/#\\\/schema\\\/logo\\\/image\\\/\",\"url\":\"https:\\\/\\\/office-roxx.de\\\/primabueroklima\\\/wp-content\\\/uploads\\\/2020\\\/09\\\/Prima-Klima-Logo_Farbe_beschn.jpg\",\"contentUrl\":\"https:\\\/\\\/office-roxx.de\\\/primabueroklima\\\/wp-content\\\/uploads\\\/2020\\\/09\\\/Prima-Klima-Logo_Farbe_beschn.jpg\",\"width\":1000,\"height\":675,\"caption\":\"PRIMAB\u00dcROKLIMA\"},\"image\":{\"@id\":\"https:\\\/\\\/office-roxx.de\\\/primabueroklima\\\/#\\\/schema\\\/logo\\\/image\\\/\"}}]}<\/script>\n<!-- \/ Yoast SEO plugin. -->","yoast_head_json":{"title":"Deutsches Netzwerk B\u00fcro - PRIMAB\u00dcROKLIMA","robots":{"index":"index","follow":"follow","max-snippet":"max-snippet:-1","max-image-preview":"max-image-preview:large","max-video-preview":"max-video-preview:-1"},"canonical":"https:\/\/office-roxx.de\/primabueroklima\/deutsches-netzwerk-buero\/","og_locale":"de_DE","og_type":"article","og_title":"Deutsches Netzwerk B\u00fcro - PRIMAB\u00dcROKLIMA","og_description":"Das Deut\u00adsche Netz\u00adwerk B\u00fcro f\u00f6r\u00addert die Qua\u00adli\u00adt\u00e4t der B\u00fcro\u00adar\u00adbeit durch eine gesund\u00adheits\u00adori\u00aden\u00adtier\u00adte und inno\u00adva\u00adti\u00adve Gestal\u00adtung der Arbeit. Es ist den Zie\u00adlen der natio\u00adna\u00adlen Initia\u00adti\u00adve f\u00fcr eine neue Qua\u00adli\u00adt\u00e4t der Arbeit (INQA) ver\u00adpflich\u00adtet. Neue Qua\u00adli\u00adt\u00e4t der Arbeit ist ent\u00adschei\u00addend f\u00fcr die St\u00e4r\u00adkung von Wett\u00adbe\u00adwerbs\u00adf\u00e4\u00adhig\u00adkeit und Inno\u00adva\u00adti\u00adons\u00adkraft. Das Deut\u00adsche Netz\u00adwerk B\u00fcro ver\u00adbin\u00addet alle Aspek\u00adte der B\u00fcro\u00adar\u00adbeit und [&hellip;]","og_url":"https:\/\/office-roxx.de\/primabueroklima\/deutsches-netzwerk-buero\/","og_site_name":"PRIMAB\u00dcROKLIMA","article_modified_time":"2025-07-07T08:36:21+00:00","og_image":[{"width":250,"height":33,"url":"https:\/\/office-roxx.de\/primabueroklima\/wp-content\/uploads\/2020\/09\/dnb3.png","type":"image\/png"}],"twitter_card":"summary_large_image","twitter_misc":{"Gesch\u00e4tzte Lesezeit":"2\u00a0Minuten"},"schema":{"@context":"https:\/\/schema.org","@graph":[{"@type":"WebPage","@id":"https:\/\/office-roxx.de\/primabueroklima\/deutsches-netzwerk-buero\/","url":"https:\/\/office-roxx.de\/primabueroklima\/deutsches-netzwerk-buero\/","name":"Deutsches Netzwerk B\u00fcro - PRIMAB\u00dcROKLIMA","isPartOf":{"@id":"https:\/\/office-roxx.de\/primabueroklima\/#website"},"primaryImageOfPage":{"@id":"https:\/\/office-roxx.de\/primabueroklima\/deutsches-netzwerk-buero\/#primaryimage"},"image":{"@id":"https:\/\/office-roxx.de\/primabueroklima\/deutsches-netzwerk-buero\/#primaryimage"},"thumbnailUrl":"https:\/\/office-roxx.de\/primabueroklima\/wp-content\/uploads\/2020\/09\/dnb3.png","datePublished":"2020-08-31T13:35:40+00:00","dateModified":"2025-07-07T08:36:21+00:00","breadcrumb":{"@id":"https:\/\/office-roxx.de\/primabueroklima\/deutsches-netzwerk-buero\/#breadcrumb"},"inLanguage":"de","potentialAction":[{"@type":"ReadAction","target":["https:\/\/office-roxx.de\/primabueroklima\/deutsches-netzwerk-buero\/"]}]},{"@type":"ImageObject","inLanguage":"de","@id":"https:\/\/office-roxx.de\/primabueroklima\/deutsches-netzwerk-buero\/#primaryimage","url":"https:\/\/office-roxx.de\/primabueroklima\/wp-content\/uploads\/2020\/09\/dnb3.png","contentUrl":"https:\/\/office-roxx.de\/primabueroklima\/wp-content\/uploads\/2020\/09\/dnb3.png","width":250,"height":33},{"@type":"BreadcrumbList","@id":"https:\/\/office-roxx.de\/primabueroklima\/deutsches-netzwerk-buero\/#breadcrumb","itemListElement":[{"@type":"ListItem","position":1,"name":"Startseite","item":"https:\/\/office-roxx.de\/primabueroklima\/"},{"@type":"ListItem","position":2,"name":"Deutsches Netzwerk B\u00fcro"}]},{"@type":"WebSite","@id":"https:\/\/office-roxx.de\/primabueroklima\/#website","url":"https:\/\/office-roxx.de\/primabueroklima\/","name":"PRIMAB\u00dcROKLIMA","description":"F\u00fcr eine bessere Luftqualit\u00e4t in Office-Umgebungen","publisher":{"@id":"https:\/\/office-roxx.de\/primabueroklima\/#organization"},"potentialAction":[{"@type":"SearchAction","target":{"@type":"EntryPoint","urlTemplate":"https:\/\/office-roxx.de\/primabueroklima\/?s={search_term_string}"},"query-input":{"@type":"PropertyValueSpecification","valueRequired":true,"valueName":"search_term_string"}}],"inLanguage":"de"},{"@type":"Organization","@id":"https:\/\/office-roxx.de\/primabueroklima\/#organization","name":"PRIMAB\u00dcROKLIMA","url":"https:\/\/office-roxx.de\/primabueroklima\/","logo":{"@type":"ImageObject","inLanguage":"de","@id":"https:\/\/office-roxx.de\/primabueroklima\/#\/schema\/logo\/image\/","url":"https:\/\/office-roxx.de\/primabueroklima\/wp-content\/uploads\/2020\/09\/Prima-Klima-Logo_Farbe_beschn.jpg","contentUrl":"https:\/\/office-roxx.de\/primabueroklima\/wp-content\/uploads\/2020\/09\/Prima-Klima-Logo_Farbe_beschn.jpg","width":1000,"height":675,"caption":"PRIMAB\u00dcROKLIMA"},"image":{"@id":"https:\/\/office-roxx.de\/primabueroklima\/#\/schema\/logo\/image\/"}}]}},"_links":{"self":[{"href":"https:\/\/office-roxx.de\/primabueroklima\/wp-json\/wp\/v2\/pages\/50","targetHints":{"allow":["GET"]}}],"collection":[{"href":"https:\/\/office-roxx.de\/primabueroklima\/wp-json\/wp\/v2\/pages"}],"about":[{"href":"https:\/\/office-roxx.de\/primabueroklima\/wp-json\/wp\/v2\/types\/page"}],"author":[{"embeddable":true,"href":"https:\/\/office-roxx.de\/primabueroklima\/wp-json\/wp\/v2\/users\/1"}],"replies":[{"embeddable":true,"href":"https:\/\/office-roxx.de\/primabueroklima\/wp-json\/wp\/v2\/comments?post=50"}],"version-history":[{"count":12,"href":"https:\/\/office-roxx.de\/primabueroklima\/wp-json\/wp\/v2\/pages\/50\/revisions"}],"predecessor-version":[{"id":2355,"href":"https:\/\/office-roxx.de\/primabueroklima\/wp-json\/wp\/v2\/pages\/50\/revisions\/2355"}],"wp:attachment":[{"href":"https:\/\/office-roxx.de\/primabueroklima\/wp-json\/wp\/v2\/media?parent=50"}],"wp:term":[{"taxonomy":"post_tag","embeddable":true,"href":"https:\/\/office-roxx.de\/primabueroklima\/wp-json\/wp\/v2\/tags?post=50"}],"curies":[{"name":"wp","href":"https:\/\/api.w.org\/{rel}","templated":true}]}}